5*b = 5*s, -2*b + s = -4*b + 9. Suppose -5*i = k - 243, b*i - 107 - 128 = -k. Is k composite?
False
Let f(m) = -17*m**2 - 13 + 8*m**2 + 10*m**2 + 10*m. Is f(-16) composite?
False
Let d(a) be the second derivative of a**6/90 + a**5/24 + a**4/3 + a. Let r(p) be the third derivative of d(p). Is r(6) composite?
False
Suppose 6*s = 2158 + 2228. Is s a composite number?
True
Suppose 4*f + 22 + 54 = 0. Let m = f - -13. Is 1338/9 + (-2)/m prime?
True
Let o(l) be the third derivative of 2*l**5/15 - l**4/24 - 5*l**3/6 - 171*l**2. Let n = 2 - 6. Is o(n) composite?
False
Let q = 480 - 193. Is q composite?
True
Let g = -50 + 48. Is 26/g*(-8 + -9) prime?
False
Let g be 5/((5 - 11)/12). Let w(d) = 6 - 7*d - 1 + 2. Is w(g) prime?
False
Let f(t) = 3828*t**2 + 77*t + 406. Is f(-5) prime?
False
Let y(q) be the first derivative of q**7/840 - q**6/45 - q**5/8 + 13*q**4/24 + q**3/3 - 5. Let n(f) be the third derivative of y(f). Is n(11) a prime number?
True
Let x = -184 + 11087. Is x prime?
True
Let m be (-6)/12 - (-6357)/(-2). Let w = m + 4540. Is w a prime number?
True
Is 123/(-6)*(-182)/7 prime?
False
Let r = 41682 - 14327. Is r a prime number?
False
Let y(u) = -6*u**3 + 2*u**2 + 5*u - 12. Is y(-5) a composite number?
True
Let r(i) = 6*i**2 - i. Let h(b) = b**2 - 6*b + 6. Let j be h(5). Let z be r(j). Suppose -2142 + 247 = -z*g. Is g prime?
True
Suppose 0 = -27*h + 492597 - 67158. Is h a prime number?
False
Let l = -32854 - -49236. Is l composite?
True
Suppose -3603 = -12*h + 11385. Is h a prime number?
True
Let o(y) = 4*y**2 - 35*y + 24. Is o(25) a prime number?
False
Suppose -8*p - 3*p + 63041 = 0. Is p a prime number?
False
Let w = -7679 + -7961. Is w/(-51) + (-1)/(-3) a prime number?
True
Suppose -2*l - 2 = 4. Let d(t) be the third derivative of t**5/4 - t**4/6 - 2*t**3/3 + t**2. Is d(l) a prime number?
False
Is ((-48996)/(-30))/((-16)/(-40)) a prime number?
False
Let t(a) = 188*a + 7. Suppose 0 = 4*d - 2*d - 2*k - 8, 0 = -2*d - 2*k + 4. Is t(d) a composite number?
False
Let o(l) = 4*l**2 - 3*l - 3. Let u(b) = b**3 + b. Let m(t) = o(t) + 3*u(t). Let w be m(3). Suppose -a = -377 + w. Is a composite?
False
Suppose 2*z = -5*w + 707, 2*w + 390 = 4*z - 964. Is z a composite number?
True
Let w(z) = 6*z**2 - 21*z - 29. Let b(l) = 15*l**3 + 4*l**2 + 3*l. Let x be b(-1). Is w(x) prime?
False
Is (-7)/(-2)*(-91162)/(-19) composite?
True
Let f(l) = -304*l**3 - 5*l - 3. Let h be f(-2). Suppose 3*p + 2*x = h, -5*x - 2240 = -2*p - 595. Is p prime?
False
Suppose -5*u - 4306 + 15606 = 0. Suppose 9*i = 5*i + u. Is i prime?
False
Let k(q) = 418*q**2 + 11*q + 87. Is k(-4) a composite number?
True
Let k(u) = 8*u**2 - 26*u - 49. Is k(-18) a composite number?
False
Is (1 + (-842)/4)/((-26)/988) prime?
False
Suppose -2*h - 123 + 935 = 0. Is (3/3)/(2/h) a composite number?
True
Suppose -4*u = 5*z - 182608, 5*u - 4*z - z - 228215 = 0. Is u a prime number?
False
Let w(r) = 3*r. Let s(a) = -a + 8. Let f be s(6). Let o be w(f). Is o/(12/406) - -3 prime?
False
Suppose -7*g + 9*g = -3*p + 24115, 5*p = -g + 40194. Is p a prime number?
True
Let k be (8/12)/(10/15). Let v be (5 - k)/((-2)/(-175)). Suppose 3*r - 560 = -4*t + 5*t, 4*t - v = -2*r. Is r prime?
False
Suppose -516717 = -17*z + 8*z. Is z composite?
False
Let p(m) = 13*m**2 - 8*m + 5. Suppose 10 = -c + 1. Let v(o) = -6*o**2 + 4*o - 3. Let t(j) = c*v(j) - 4*p(j). Is t(5) a composite number?
False
Suppose 3*m - 10062 = -1263. Is m prime?
False
Let v(o) = -10*o - 5. Let i be v(5). Let r = 196 + i. Is r prime?
False
Suppose -175710 = 65*j - 1177945. Is j prime?
False
Let y(z) = 8*z - 7. Let l be y(1). Is -1041*(0 - l)*1 a prime number?
False
Let g = -47176 + 84341. Is g prime?
False
Let a(y) = -y**3 - y**2 - 7*y - 8. Let r(b) = b**3 - 5*b**2 + 2*b - 4. Let x be r(5). Let w be a(x). Let v = -153 - w. Is v a composite number?
False
Let k(s) = -29801*s + 116. Is k(-1) a prime number?
True
Suppose 17*d - 20201 - 60702 = 0. Is d a prime number?
True
Let a = 3108 - -10303. Is a prime?
True
Let a = -16669 + 31142. Is a a prime number?
False
Suppose -4*p = -370 + 2338. Let l be ((-24)/(-32))/((-1)/p). Suppose -162 - l = -3*k. Is k composite?
True
Suppose 2*b + 6 = 6. Suppose -5*y = -5*c - b*y + 2820, -c = y - 562. Is c composite?
False
Suppose -2298 + 188 = -5*n. Let m = 2 - 0. Suppose 96 = -m*p + n. Is p a prime number?
True
Let b be 2/4 + (-21)/6. Is 23*b/(-9)*93 a prime number?
False
Let u = 17 + -9. Suppose -u*w - 52 = -10*w. Is w a composite number?
True
Is ((-1)/5)/(((-108)/(-211635))/(-12)) a composite number?
False
Let g(o) be the first derivative of o**2/2 - 6*o - 2. Let n be g(5). Is ((-1)/n)/((-5)/(-1005)) a composite number?
True
Suppose -5*h + 37072 = 11*h. Is h a composite number?
True
Let f(g) = -2*g**3 - 6*g**2 - 4*g + 5. Suppose -c + 7 = 2*m, -2*c - 1 = -2*m - 3. Suppose -v - 3 = -c*r + 10, v = -2*r + 2. Is f(v) a composite number?
False
Suppose -2*r - 37 = -3*c, 2 = -c - 3*r + 18. Let u = c + -13. Suppose u = -2*s - 2*s + 340. Is s prime?
False
Let w(n) = 2 - 2 - 26*n - 1 + 114*n. Let i be w(4). Let y = i - 168. Is y composite?
True
Suppose 0 = -37*g + 41*g - 96932. Is g prime?
False
Let r(z) = -5*z**3 + 10*z**2 - 20*z - 7. Let u(h) = -4*h**3 + 9*h**2 - 20*h - 6. Let k(i) = 5*r(i) - 6*u(i). Is k(-8) a prime number?
True
Let l = 80 - 68. Suppose l*o - 22927 + 1531 = 0. Is o prime?
True
Suppose -3*p = 2*p + 5. Let i be 1*p + -9 + 7. Let z(v) = 40*v**2 + 3*v + 2. Is z(i) composite?
False
Let j be ((-2)/(-4))/(3/6). Let m(k) = 19*k. Let s be m(j). Suppose h = s + 112. Is h a prime number?
True
Is 1/3 - (0 + (-28230)/9) composite?
False
Let f(h) = -h**2 + 12*h - 3. Let u be f(11). Suppose 0 = u*r + 302 - 2686. Is r a composite number?
True
Let f = -52 + 322. Suppose -4*w = -5*a - 3*w + f, -5*a - 4*w + 245 = 0. Is a a prime number?
True
Let v be 10/(10/2) - 4. Is (-4863*(v/6)/1)/1 a composite number?
False
Is (-109415)/(-10) + 7/(-28)*-6 a composite number?
True
Suppose 5*j - 784 - 1276 = 0. Suppose 0 = -3*p + j + 1331. Is p composite?
True
Suppose -1648 + 33 = -g. Let j = g - 866. Is j prime?
False
Let v(k) = 4*k - 2. Let u be v(3). Suppose -u*t - 1407 = -13*t. Is t composite?
True
Let g(u) = u**2 - 5*u + 7. Let d be 291/6 - (-9)/6. Suppose 0 = -4*o - o + d. Is g(o) composite?
True
Suppose 0 = 6*d - d - 25. Suppose 4107 - 1189 = d*g - a, -5*g + 2*a + 2921 = 0. Let b = -364 + g. Is b composite?
True
Let q(b) = b**2 + 13*b - 15. Let a be q(-13). Let f(p) = -6*p - 1. Is f(a) a prime number?
True
Is ((33921 + 7)/4)/2 prime?
True
Let v = 449 + 0. Is v a composite number?
False
Let a(k) be the third derivative of k**5/30 - k**4/3 - k**3 - 8*k**2. Let u be a(-6). Suppose -u = -2*g - g. Is g prime?
False
Is 44562 - (-13)/(65/5) composite?
False
Suppose -3*h - 16 = -2*b, -b = h + h + 6. Let w(m) = -26*m**3 + 3*m**2 + 2*m - 1. Is w(h) a composite number?
True
Let q = 5171 - -18050. Is q composite?
True
Let s(j) = 9*j - 64. Let x(z) = -9*z + 50. Let h(a) = -2*s(a) - 3*x(a). Suppose 0 = -5*i - 5*d + 55, -5*i - 4*d + 55 = -0. Is h(i) prime?
False
Let z(c) = -40*c + 613. Is z(-39) a prime number?
False
Let t = 18 - 4. Let f(d) = d**2 - 12*d - 8. Let o be f(t). Suppose 0 = -21*x + o*x + 191. Is x a prime number?
True
Let h = -18 + 20. Is (2 + (-3)/2)/(h/1388) prime?
True
Suppose 4*f - 16 = 0, -4*f + 48 = 4*t - 2*f. Let k(z) = 3*z - 3. Let m be k(t). Suppose i + m - 498 = 5*h, -5*i = 3*h - 2215. Is i a composite number?
True
Is (-3)/21 - (-11)/((-154)/(-61392)) a prime number?
False
Suppose -5*y + 4 + 6 = -5*k, 0 = -3*y + 4*k + 5. Suppose 22281 = -0*z + y*z. Is z a composite number?
True
Is -6 + ((-1)/2)/((-34)/2290852) a composite number?
True
Suppose -z + 2026 = 3*x - 666, 5*z - 4*x = 13403. Let l = z - 1776. Is l composite?
False
Suppose 5*w - w = -4. Is (-349)/w - 8/(-2) composite?
False
Let u = -39 - -23. Let w be ((-56)/16)/((-1)/(-218)). Is w/(-4) + (-4)/u a prime number?
True
Suppose -2*l + 2 = 0, -g + 4*g - 2*l - 15331 = 0. Is g composite?
True
Let z(g) = g - 2 - 1 + 2 + 0. Let l be z(4). Suppose 0 = -l*s + s + 52. Is s composite?
True
Is 1/((-1)/(-38942)) - (-14)/2 composite?
True
Let q = -56 - -56. Suppose q = 3*h - 106 + 4. Is h composite?
True
Let p = 315 + 806. Is p a composite number?
True
Suppose 0 = 2*t - 1309 - 837. Is t pri